*4 + 1/30*u**5 + 1/6*u**3 + 0*u. Let y(d) = -d. Let c be y(-1). What is r(c)?
1
Let m(v) = 5*v + 1. Let d(i) = 3*i**3 + 15*i - 2 + 5*i**2 - 2*i**3 - 13*i. Let j be d(-3). Let x = -8 + j. Calculate m(x).
11
Let j(x) = -x**3 - 4*x**2 + 7*x + 6. Let b be j(-5). Let a(u) be the third derivative of u**6/120 + u**5/12 + 5*u**4/24 + u**3/2 - 385*u**2. Calculate a(b).
-1
Let p(w) = w**3 + 5*w**2 - w - 5. Let f = -7 + 3. Let c be p(f). Suppose -3*s = -0*s + c. Let b(r) = -r**2 - 7*r - 1. Give b(s).
9
Suppose 0 = 11*l - 2 - 42. Let u(a) = 4*a**2 + a + 2. Let j(g) = 7*g**2 + g + 3. Let y(p) = 3*j(p) - 5*u(p). Give y(l).
7
Let q(i) be the first derivative of i**4/4 - i**2 + 2*i - 41. Let x be (-30)/(-5) + (-1 - 1). Let b be 8/(-6)*(-6)/x. Give q(b).
6
Suppose -3*z = -4*d - 44, 5*z = -6*d + 11*d + 75. Let n(s) = s - 20. What is n(z)?
-4
Let d(j) = 77 + 2*j + 17*j - j**2 - 102. Determine d(18).
-7
Let t(b) be the third derivative of 1/120*b**6 + 6*b**2 - 7/24*b**4 - 1/10*b**5 + 0*b**3 + 0 + 0*b. Calculate t(7).
0
Let v be (-2 - (-12)/8)*-6. Suppose -m - v*m + 8 = 0. Let k(u) = u**2 - 2*u**2 - 6*u - 7 - m*u. Give k(-6).
5
Let l = -24 - -52. Let i = l + -34. Let b(o) = o**3 + 5*o**2 - 6*o - 3. Calculate b(i).
-3
Let w(l) = -5*l + 5 - l**2 + 4*l - 6*l. Let z(q) = q**2 + 13*q - 8. Let g be z(0). What is w(g)?
-3
Let o(q) = q + 1 - 2*q - 6. Let j be (-16)/3*6/1. Let h = 37 + j. Give o(h).
-10
Let o(q) = -q**3 - 5*q**2 + 5*q - 8. Let h = -1 + 4. Suppose -2*c = h*c - 20. Suppose -2*v = -2*d + 2, v - 5*d = c*v + 43. Give o(v).
-2
Let u(s) be the first derivative of s**2 + 3*s + 1. Let m(l) = 5*l + 8. Let q(k) = 3*m(k) - 8*u(k). Give q(0).
0
Let p(c) = -c**3 - 2. Let z(n) = -12*n + n**2 + 11*n - 10 + 5*n. Let v be z(-5). Let m(b) = b**2 + 6*b + 3. Let y be m(v). Determine p(y).
6
Let h(i) = -2*i. Suppose 2*q + 3*r - 10 + 12 = 0, -3*r = 0. Determine h(q).
2
Let j(k) be the second derivative of k**4/12 - 4*k**3/3 - 7*k**2/2 - 42*k. Suppose 0 = -0*b + b. Suppose 0 = 3*z - b*z - 24. Give j(z).
-7
Let n(d) be the third derivative of d**6/120 - d**5/30 + d**4/12 + d**3/6 + 65*d**2. Determine n(2).
5
Let y(v) = -v**3 - 6*v**2 - v + 1. Let a(q) = 0*q + 18 - 24 + 5*q. Let o be a(0). Determine y(o).
7
Let n(l) = -3*l**2 - 7*l - 6. Let f(m) = -16*m - 16*m**2 + 6*m**2 - 6*m - 18. Let j(p) = 2*f(p) - 7*n(p). Give j(-4).
2
Let o = 57 + -59. Let t(d) = d**3 + d**2 + d. Determine t(o).
-6
Let j(r) = 2*r**2 - 1. Suppose -3 = 4*q - 43. Suppose 0 = q*p - 31 + 11. Calculate j(p).
7
Let j(t) = 2*t**2 - 41*t + 92. Let s be j(18). Let q(h) = h - 1. Let v(n) = -5*n + 2. Let a(b) = 2*q(b) + v(b). Calculate a(s).
-6
Let j(s) = -6*s - 1. Suppose 3*a = -3 + 12. Let o(v) = 7*v. Let p(b) = a*o(b) + 4*j(b). Determine p(-3).
5
Let v(w) = 13 - 8*w + 14*w - 7*w. Give v(16).
-3
Let v(o) = -10 - o**3 + 11*o**2 + 13*o - 11 + 9. Determine v(12).
0
Let g(p) = -4*p**2 - 3*p - 7. Suppose 17 + 0 = -3*s + 5*j, -5*j = -5. Give g(s).
-59
Let x be (-99)/(-55) - 3/(-15). Let g(d) = d**2 + 2. Give g(x).
6
Let h(s) be the third derivative of -1/40*s**5 - 2*s**2 + 0*s + 0 + 2/3*s**3 + 1/24*s**4. Let p(a) be the first derivative of h(a). What is p(4)?
-11
Let q(t) = t**2 + 6*t - 4. Suppose -2*s = -2 + 16. Calculate q(s).
3
Let v = 2 + 2. Let l(o) be the second derivative of o**4/8 - 2*o**3/3 + 2*o**2 - 5*o. Let d(t) be the first derivative of l(t). Calculate d(v).
8
Let r(h) be the first derivative of h**2/2 + 6*h + 103. Determine r(3).
9
Let v(h) = 5*h - 3. Let q(b) = 11*b - 7. Let a(g) = 2*q(g) - 5*v(g). Let s(d) = -d**2 - 12*d - 3. Let l be s(-12). What is a(l)?
10
Let j(m) be the first derivative of -3*m**5/10 - 4*m - 2. Let t(f) be the first derivative of j(f). Determine t(1).
-6
Suppose 0 = -5*w + 3*w - 3*x + 12, -3*w - 3*x + 21 = 0. Let a(n) = -3*n - 12 - 2*n + 4*n + 2*n. Determine a(w).
-3
Let r(y) = y + 2. Let b be r(2). Let a(z) = -7*z**2 + 1 + 6*z**2 + 0 - b*z. Suppose 13 = -j - 2*v, -3*j - j - 4*v - 36 = 0. Determine a(j).
-4
Let a(x) = -11*x**2 - 73*x + 49. Let n(z) = -5*z**2 - 35*z + 25. Let l(p) = 6*a(p) - 13*n(p). Determine l(14).
11
Let q = 14 - -5. Let j(y) = -4*y + q + 4*y + y. Give j(0).
19
Let h = -1287 + 1290. Let r(b) = b**3 - 3*b**2 - 3*b - 4. Determine r(h).
-13
Let l = -25 + 6. Let g = -25 - l. Let j(x) = x**3 + 5*x**2 - 6*x + 1. Determine j(g).
1
Let l(c) be the second derivative of c**5/120 - c**4/4 - c**3/3 + 2*c. Let b(n) be the second derivative of l(n). Let o = 15 + -15. Calculate b(o).
-6
Suppose 0*s = 4*s - 16, k + 10 = 3*s. Let v be (-14)/8 + k/(-8). Let l(h) = -225*h - 6. Let u(a) = -193*a - 5. Let t(p) = 6*l(p) - 7*u(p). Give t(v).
-3
Let v(k) = -k**3 + 4*k**2 - k + 4. Let u be v(4). Let f = u - 2. Let a(q) be the first derivative of -2*q**3/3 - 3*q**2/2 - q - 52. Calculate a(f).
-3
Let f(l) = -3 + 5 - 3 + 4*l + 0. Suppose -5*x - 4*a - 25 = 0, -5*x = -2*x - a - 2. Calculate f(x).
-5
Let x be (-4)/(-34) + (-76)/68. Let l(b) = b + 1. Suppose 12 = -y - 3*p, y = -2*p + 7*p + 12. Let u(w) = -7*w - 8. Let g(r) = x*u(r) + y*l(r). What is g(-4)?
-11
Suppose -2*d - 5*d = 623. Let j = 88 + d. Let b(c) = -8*c**2 - 1. Calculate b(j).
-9
Let h be (-2)/2*3 - 1*-5. Suppose 0 = -h*v + 3*v + 3*g - 6, -5*g + 50 = -5*v. Let z(q) = -2*q - 2. Give z(v).
10
Let o(d) = 12*d + 1. Let m = 195 + -196. Calculate o(m).
-11
Let q(h) be the second derivative of h**4/12 + 11*h**3/6 - 5*h**2 - 40*h + 2. Determine q(-9).
-28
Suppose -282 + 286 = -2*r. Let u(y) be the second derivative of -1/2*y**2 - 1/20*y**5 - 5/12*y**4 - 2*y + 0 - 1/2*y**3. Give u(r).
-7
Let t be 15*(-3 - 16/(-6)). Let d(p) = 4*p + 4. Let j be d(t). Let c = 13 + j. Let z(m) = -m**3 - 3*m**2 - m - 3. Determine z(c).
0
Suppose 12*b + 6 = 6*b. Let i(c) be the first derivative of -7*c**3/6 + c**2/2 + 3*c - 1. Let a(q) be the first derivative of i(q). Calculate a(b).
8
Let a(l) = 8 + l**2 - 9777*l + 9772*l - 2. Give a(6).
12
Let h(y) = 5*y**3 - 16*y**2 - 5*y - 3. Let z(f) = -11*f**3 + 34*f**2 + 11*f + 7. Let p(q) = 13*h(q) + 6*z(q). What is p(-5)?
23
Let n(j) = j**3 + 4*j**2 - 2*j - 5. Let y be n(-4). Suppose 2*p + 11 = 3*p - 2*x, 3*p + 2*x = 17. Suppose 0 = -y*h + p*h. Let m(g) = g - 6. Calculate m(h).
-6
Suppose -10*z = -13*z + 48. Let m be 30/4*z/(-20). Let v(r) = r**3 + 5*r**2 - 6*r - 8. Give v(m).
-8
Let g(l) = 3*l - l + 7 + 0*l. Let z be -6*4*(-1)/(-4). Give g(z).
-5
Let t be 3 - (3 - -3)/(-2). Let f(b) = 2 - 1 - t - 23*b + 24*b. Calculate f(5).
0
Let j(i) be the second derivative of i**5/120 + i**4/6 - 5*i**3/6 + 9*i. Let w(x) be the second derivative of j(x). What is w(-5)?
-1
Let u(j) be the third derivative of 2*j**4/3 + j**3/6 - 137*j**2. What is u(2)?
33
Suppose 55*g - 45*g = 110. Let a(w) = -w + 5. Give a(g).
-6
Let d(j) = -2*j**2 + 5*j - 11. Let i(w) = 6*w**2 - 16*w + 38. Let k(o) = -7*d(o) - 2*i(o). Determine k(2).
3
Let x(s) be the second derivative of 3*s**5/5 - s**4/6 + s**3/3 - s**2/2 - 17*s. Suppose -6*b + 8*b = 2. Determine x(b).
11
Let t(k) = -35*k**2 - 33*k**2 + 2*k**3 + 71*k**2. Give t(-2).
-4
Let k = 201 - 2411/12. Let d(o) be the second derivative of 0 - k*o**4 + 6*o + 2/3*o**3 - 3/2*o**2. What is d(3)?
0
Let d(i) = -5*i + 1. Let c(w) = 7*w. Let s(n) = -3*c(n) - 5*d(n). Determine s(4).
11
Suppose 0 = -105*i + 103*i - 6. Let m be (-4 + 10)*2/6. Let f(t) = -3 + t**2 + 2 + 3*t + m + t. What is f(i)?
-2
Let k be 1/4 - 200/160. Let q(y) = 19*y. Determine q(k).
-19
Let n(i) be the first derivative of 2*i**2 - 11*i + 234. Determine n(-12).
-59
Let u(t) be the second derivative of -t**4/6 - t**3/6 + 9*t**2/2 - 14*t. Let k be u(0). Let d(g) = -g + 8*g - 1 - 5*g + k*g. Calculate d(1).
10
Suppose 14*p - 11*p - 15 = 0. Suppose p*i = -3*w - 19, -13 - 9 = -w + 4*i. Let q be 3/18*w*-3. Let l(t) = 5*t. What is l(q)?
-5
Let c(x) = 6*x + 6. Let r(a) = 3*a - 1. Let l(w) be the first derivative of -w**2/2 + w + 4. Let v(g) = 10*l(g) + 5*r(g). Let j(t) = 6*c(t) - 7*v(t). Give j(2).
3
Let n = 4 + -1. Let t(q) be the third derivative of q**6/120 - q**5/60 - q**3/2 - 3*q**2 + 27. Determine t(n).
15
Let q(i) = -2*i**3 - i**2 + 4*i + 1. Suppose 138*w = 158*w + 40. Give q(w).
5
Let z(b) be the third derivative of -b**6/120 - b**5/10 - b**4/4 - b**3 - 6*b**2 + 4. Let c be 24/9*(-45)/4. Let i be (c/4)/3*2. Determine z(i).
-1
Let x(v) be the third